{"id":248,"date":"2021-04-11T10:20:10","date_gmt":"2021-04-11T08:20:10","guid":{"rendered":"https:\/\/www.heidrunwarmuth.de\/?page_id=248"},"modified":"2023-11-11T16:13:02","modified_gmt":"2023-11-11T15:13:02","slug":"armer-esel-alf-2","status":"publish","type":"page","link":"https:\/\/www.heidrunwarmuth.de\/?page_id=248","title":{"rendered":"Armer Esel Alf"},"content":{"rendered":"\n<p><em>f\u00fcr Kinder ab 4Jahren<\/em><\/p>\n\n\n\n<p>Theater des Monats in NRW im Dez. 2022<\/p>\n\n\n\n<p><em>Regie: Tristan Vogt, Spiel und Puppenbau: Heidrun Warmuth<\/em><\/p>\n\n\n\n<div class=\"wp-block-media-text alignwide is-stacked-on-mobile\" style=\"grid-template-columns:58% auto\"><figure class=\"wp-block-media-text__media\"><img loading=\"lazy\" decoding=\"async\" width=\"1024\" height=\"768\" src=\"https:\/\/www.heidrunwarmuth.de\/wp-content\/uploads\/2021\/05\/ArmerEselAlf5-1024x768.jpg\" alt=\"\" class=\"wp-image-1326 size-full\" srcset=\"https:\/\/www.heidrunwarmuth.de\/wp-content\/uploads\/2021\/05\/ArmerEselAlf5-1024x768.jpg 1024w, https:\/\/www.heidrunwarmuth.de\/wp-content\/uploads\/2021\/05\/ArmerEselAlf5-300x225.jpg 300w, https:\/\/www.heidrunwarmuth.de\/wp-content\/uploads\/2021\/05\/ArmerEselAlf5-768x576.jpg 768w, https:\/\/www.heidrunwarmuth.de\/wp-content\/uploads\/2021\/05\/ArmerEselAlf5-1536x1152.jpg 1536w, https:\/\/www.heidrunwarmuth.de\/wp-content\/uploads\/2021\/05\/ArmerEselAlf5-2048x1536.jpg 2048w\" sizes=\"auto, (max-width: 767px) 89vw, (max-width: 1000px) 54vw, (max-width: 1071px) 543px, 580px\" \/><\/figure><div class=\"wp-block-media-text__content\">\n<p>Ein Hund wird hinter den Ohren gekrault, eine Katze bekommt ein Sch\u00e4lchen Sahne und ein Kanarienvogel braucht nur dazusitzen und zu piepsen, um eine Belohnung zu bekommen. Und ein Esel?<\/p>\n<\/div><\/div>\n\n\n\n<p> Der arbeitet und arbeitet und das ist auch schon alles. Esel Alf f\u00fchlt sich sehr ungerecht behandelt und beschlie\u00dft auszurei\u00dfen&#8230;                                                                       <\/p>\n\n\n\n<p>\u00dcberall, wo Kinder zusammen kommen, spielt das Empfinden von                                Gerechtigkeit oder eben von Ungerechtigkeit eine gro\u00dfe Rolle.                                        Besonders bei Geschwisterkindern bleibt die Frage nach Gerechtigkeit,                                  auch nach gerecht verteilter Liebe und Anerkennung oft bis ins                        Erwachsenenalter ein wichtiges Thema. Esel Alf schlie\u00dfen die Kinder                                             in ihr Herz, weil man ihn so gut verstehen kann.<br>Heidrun Warmuth spielt diese Geschichte mit Puppen f\u00fcr Kinder ab vier Jahren. Regie gef\u00fchrt hat Tristan Vogt, \u00fcbersetzt wurde das gleichnamige Buch (Cora Annett) von Paul und Nele Maar.<\/p>\n\n\n\n<p>E\u00dflinger Zeitung: &#8222;<em><strong>Lebhaft und warmherzig erz\u00e4hlt Heidrun Warmuth mit Puppen die Geschichte vom Esel Alf<\/strong><\/em>&#8222;.<\/p>\n\n\n\n<p><sub>Mit freundlicher Unterst\u00fctzung der ZukunftsStiftung Heinz Weiler, des Ministeriums f\u00fcr Wissenschaft, Forschung und Kunst des Landes Baden-W\u00fcrttemberg durch den Kultursommer 2020 und von Stage Divers(e)<\/sub><\/p>\n\n\n\n<figure class=\"wp-block-embed is-type-video is-provider-vimeo wp-block-embed-vimeo wp-embed-aspect-16-9 wp-has-aspect-ratio\"><div class=\"wp-block-embed__wrapper\">\n<iframe loading=\"lazy\" title=\"ArmerEselAlfTrailer(Vimeo).mp4\" src=\"https:\/\/player.vimeo.com\/video\/541546889?dnt=1&amp;app_id=122963\" width=\"525\" height=\"295\" frameborder=\"0\" allow=\"autoplay; fullscreen; picture-in-picture; clipboard-write\"><\/iframe>\n<\/div><\/figure>\n\n\n\n<p> <a href=\"https:\/\/www.heidrunwarmuth.de\/?page_id=252\">Fotos<\/a><\/p>\n\n\n\n<p> <a href=\"https:\/\/www.heidrunwarmuth.de\/?page_id=254\">Presse\/Resonanz<\/a><\/p>\n\n\n\n<p> <a href=\"https:\/\/www.heidrunwarmuth.de\/?page_id=257\">Techn.\/Organisatorisches<\/a><\/p>\n","protected":false},"excerpt":{"rendered":"<p>f\u00fcr Kinder ab 4Jahren Theater des Monats in NRW im Dez. 2022 Regie: Tristan Vogt, Spiel und Puppenbau: Heidrun Warmuth Ein Hund wird hinter den Ohren gekrault, eine Katze bekommt ein Sch\u00e4lchen Sahne und ein Kanarienvogel braucht nur dazusitzen und zu piepsen, um eine Belohnung zu bekommen. Und ein Esel? Der arbeitet und arbeitet und &hellip; <\/p>\n<p class=\"link-more\"><a href=\"https:\/\/www.heidrunwarmuth.de\/?page_id=248\" class=\"more-link\"><span class=\"screen-reader-text\">\u201eArmer Esel Alf\u201c <\/span>weiterlesen<\/a><\/p>\n","protected":false},"author":3,"featured_media":0,"parent":0,"menu_order":0,"comment_status":"closed","ping_status":"closed","template":"","meta":{"ngg_post_thumbnail":0,"footnotes":""},"class_list":["post-248","page","type-page","status-publish","hentry"],"_links":{"self":[{"href":"https:\/\/www.heidrunwarmuth.de\/index.php?rest_route=\/wp\/v2\/pages\/248","targetHints":{"allow":["GET"]}}],"collection":[{"href":"https:\/\/www.heidrunwarmuth.de\/index.php?rest_route=\/wp\/v2\/pages"}],"about":[{"href":"https:\/\/www.heidrunwarmuth.de\/index.php?rest_route=\/wp\/v2\/types\/page"}],"author":[{"embeddable":true,"href":"https:\/\/www.heidrunwarmuth.de\/index.php?rest_route=\/wp\/v2\/users\/3"}],"replies":[{"embeddable":true,"href":"https:\/\/www.heidrunwarmuth.de\/index.php?rest_route=%2Fwp%2Fv2%2Fcomments&post=248"}],"version-history":[{"count":25,"href":"https:\/\/www.heidrunwarmuth.de\/index.php?rest_route=\/wp\/v2\/pages\/248\/revisions"}],"predecessor-version":[{"id":1607,"href":"https:\/\/www.heidrunwarmuth.de\/index.php?rest_route=\/wp\/v2\/pages\/248\/revisions\/1607"}],"wp:attachment":[{"href":"https:\/\/www.heidrunwarmuth.de\/index.php?rest_route=%2Fwp%2Fv2%2Fmedia&parent=248"}],"curies":[{"name":"wp","href":"https:\/\/api.w.org\/{rel}","templated":true}]}}