{"id":256,"date":"2021-04-11T10:20:10","date_gmt":"2021-04-11T08:20:10","guid":{"rendered":"https:\/\/www.heidrunwarmuth.de\/?page_id=256"},"modified":"2022-05-18T11:57:24","modified_gmt":"2022-05-18T09:57:24","slug":"presse-wie-siehts-denn-hier-aus","status":"publish","type":"page","link":"https:\/\/www.heidrunwarmuth.de\/?page_id=256","title":{"rendered":"Presse\/Resonanz"},"content":{"rendered":"\n<p><strong>Kritikausschnitt von Heinz KiJuku zu einer Vorstellung auf dem Festival Luaga &amp; Losna 2021:<\/strong><\/p>\n\n\n\n<p>\u201e\u2026\u00a0In Nullkomma nix erwischt Warmuth nicht nur ganz junge Zuschauer:innen, die herzhaft lachen, sondern auch skeptische Erwachsene, die sich auf dieses Spiel voller \u00dcberraschungen und Wendungen einlassen. Und darin auch Philosopischeres entdecken \u2013 von Fragen der Zugeh\u00f6rigkeit, dass alle strikten Abgrenzungen gar nicht funktionieren bis zum Loslassen k\u00f6nnen und nicht hamstern m\u00fcssen. Denn der Stein oder Ast will in den Wald zur\u00fcck. Wo sie aber wiederum neues sammeln kann \u2026\u201c <\/p>\n\n\n\n<p><sub>Die ganze Kritik kann man nachlesen unter: <a href=\"https:\/\/kijuku.at\/buehne\/vom-chaos-im-kinderzimmer-einem-kleinen-fiesling-und-den-grossen-boesewichten\/\">https:\/\/kijuku.at\/buehne\/vom-chaos-im-kinderzimmer-einem-kleinen-fiesling-und-den-grossen-boesewichten\/<\/a><\/sub><\/p>\n\n\n\n<p><\/p>\n\n\n\n<div class=\"wp-block-file\"><a id=\"wp-block-file--media-520f8cb3-d54f-4488-b2fd-8aee466f7c91\" href=\"https:\/\/www.heidrunwarmuth.de\/wp-content\/uploads\/2021\/05\/Zeitungsartikel-scaled.jpg\"><em>E\u00dflinger Zeitung 1<\/em><\/a><a href=\"https:\/\/www.heidrunwarmuth.de\/wp-content\/uploads\/2021\/05\/Zeitungsartikel-scaled.jpg\" class=\"wp-block-file__button\" download aria-describedby=\"wp-block-file--media-520f8cb3-d54f-4488-b2fd-8aee466f7c91\">Herunterladen<\/a><\/div>\n\n\n\n<figure class=\"wp-block-image size-large is-resized\"><img loading=\"lazy\" decoding=\"async\" src=\"https:\/\/www.heidrunwarmuth.de\/wp-content\/uploads\/2021\/04\/grafik-1-1024x724.png\" alt=\"\" class=\"wp-image-343\" width=\"837\" height=\"592\" srcset=\"https:\/\/www.heidrunwarmuth.de\/wp-content\/uploads\/2021\/04\/grafik-1-1024x724.png 1024w, https:\/\/www.heidrunwarmuth.de\/wp-content\/uploads\/2021\/04\/grafik-1-300x212.png 300w, https:\/\/www.heidrunwarmuth.de\/wp-content\/uploads\/2021\/04\/grafik-1-768x543.png 768w, https:\/\/www.heidrunwarmuth.de\/wp-content\/uploads\/2021\/04\/grafik-1-1536x1087.png 1536w, https:\/\/www.heidrunwarmuth.de\/wp-content\/uploads\/2021\/04\/grafik-1-2048x1449.png 2048w\" sizes=\"auto, (max-width: 767px) 89vw, (max-width: 1000px) 54vw, (max-width: 1071px) 543px, 580px\" \/><\/figure>\n\n\n\n<p class=\"has-medium-font-size\"><strong><em>Rektor der Bodelschwinghschule N\u00fcrtingen:<\/em><\/strong><\/p>\n\n\n\n<p>(&#8230;) vielen Dank nochmal f\u00fcr die sehr sch\u00f6ne, witzige, lebendige und total interessante Vorstellung. (&#8230;)<\/p>\n\n\n\n<p>Hier ein paar direkte Kommentare von Sch\u00fclern der Klasse 4: \u201eWar lustig, da musste ich so lachen.\u201c \u201eMundharmonika hat gespielt \u2013 das war sch\u00f6n.\u201c \u201eMir hat gefallen das Huhhh.\u201c (Tr\u00f6te) \u201eBesonders hat mir das Krokodil gefallen.\u201c \u201eUnd mir, was der Vogel gemacht hat.\u201c \u201eUns hat alles gefallen.\u201c (&#8230;)<\/p>\n\n\n\n<p><\/p>\n\n\n\n<div class=\"wp-block-file\"><a id=\"wp-block-file--media-e2849637-f82b-40ab-8ae4-9d54f9950bb6\" href=\"https:\/\/www.heidrunwarmuth.de\/wp-content\/uploads\/2021\/05\/Zeitungsartikel-2-scaled.jpg\"><em>E\u00dflinger Zeitung 2<\/em><\/a><a href=\"https:\/\/www.heidrunwarmuth.de\/wp-content\/uploads\/2021\/05\/Zeitungsartikel-2-scaled.jpg\" class=\"wp-block-file__button\" download aria-describedby=\"wp-block-file--media-e2849637-f82b-40ab-8ae4-9d54f9950bb6\">Herunterladen<\/a><\/div>\n\n\n\n<figure class=\"wp-block-image size-large is-resized\"><img loading=\"lazy\" decoding=\"async\" src=\"https:\/\/www.heidrunwarmuth.de\/wp-content\/uploads\/2021\/04\/grafik-724x1024.png\" alt=\"\" class=\"wp-image-342\" width=\"674\" height=\"953\" srcset=\"https:\/\/www.heidrunwarmuth.de\/wp-content\/uploads\/2021\/04\/grafik-724x1024.png 724w, https:\/\/www.heidrunwarmuth.de\/wp-content\/uploads\/2021\/04\/grafik-212x300.png 212w, https:\/\/www.heidrunwarmuth.de\/wp-content\/uploads\/2021\/04\/grafik-768x1086.png 768w, https:\/\/www.heidrunwarmuth.de\/wp-content\/uploads\/2021\/04\/grafik-1087x1536.png 1087w, https:\/\/www.heidrunwarmuth.de\/wp-content\/uploads\/2021\/04\/grafik-1449x2048.png 1449w\" sizes=\"auto, (max-width: 674px) 100vw, 674px\" \/><\/figure>\n","protected":false},"excerpt":{"rendered":"<p>Kritikausschnitt von Heinz KiJuku zu einer Vorstellung auf dem Festival Luaga &amp; Losna 2021: \u201e\u2026\u00a0In Nullkomma nix erwischt Warmuth nicht nur ganz junge Zuschauer:innen, die herzhaft lachen, sondern auch skeptische Erwachsene, die sich auf dieses Spiel voller \u00dcberraschungen und Wendungen einlassen. Und darin auch Philosopischeres entdecken \u2013 von Fragen der Zugeh\u00f6rigkeit, dass alle strikten Abgrenzungen &hellip; <\/p>\n<p class=\"link-more\"><a href=\"https:\/\/www.heidrunwarmuth.de\/?page_id=256\" class=\"more-link\"><span class=\"screen-reader-text\">\u201ePresse\/Resonanz\u201c <\/span>weiterlesen<\/a><\/p>\n","protected":false},"author":3,"featured_media":0,"parent":0,"menu_order":0,"comment_status":"closed","ping_status":"closed","template":"","meta":{"ngg_post_thumbnail":0,"footnotes":""},"class_list":["post-256","page","type-page","status-publish","hentry"],"_links":{"self":[{"href":"https:\/\/www.heidrunwarmuth.de\/index.php?rest_route=\/wp\/v2\/pages\/256","targetHints":{"allow":["GET"]}}],"collection":[{"href":"https:\/\/www.heidrunwarmuth.de\/index.php?rest_route=\/wp\/v2\/pages"}],"about":[{"href":"https:\/\/www.heidrunwarmuth.de\/index.php?rest_route=\/wp\/v2\/types\/page"}],"author":[{"embeddable":true,"href":"https:\/\/www.heidrunwarmuth.de\/index.php?rest_route=\/wp\/v2\/users\/3"}],"replies":[{"embeddable":true,"href":"https:\/\/www.heidrunwarmuth.de\/index.php?rest_route=%2Fwp%2Fv2%2Fcomments&post=256"}],"version-history":[{"count":11,"href":"https:\/\/www.heidrunwarmuth.de\/index.php?rest_route=\/wp\/v2\/pages\/256\/revisions"}],"predecessor-version":[{"id":1543,"href":"https:\/\/www.heidrunwarmuth.de\/index.php?rest_route=\/wp\/v2\/pages\/256\/revisions\/1543"}],"wp:attachment":[{"href":"https:\/\/www.heidrunwarmuth.de\/index.php?rest_route=%2Fwp%2Fv2%2Fmedia&parent=256"}],"curies":[{"name":"wp","href":"https:\/\/api.w.org\/{rel}","templated":true}]}}